a + 2. Let t(f) = 11*f + 4. Let y(p) = c*t(p) + 13*h(p). Calculate y(4).
-2
Suppose -4*h = 4*v + 140, 108 = -3*h - 0*h - 4*v. Suppose -12*a + 4*a = -24. Let i be (-200)/h - a/(-4). Let o(s) = s**2 - 8*s + 5. Calculate o(i).
-2
Let l(k) be the first derivative of -k**4/4 - 17*k**3/3 + 17*k**2/2 - 16*k - 104. Determine l(-18).
2
Let m(a) = -1254 + a - 2*a**2 + 4*a**2 + 1288. Determine m(0).
34
Let f = 3 + -5. Let o(h) be the second derivative of -h**5/20 - h**4/12 - h**2/2 + 6*h - 4. Give o(f).
3
Let r be (0 - 0)/(2*1). Let s(g) = 13*g + 13. Let d(u) = 3*u + 1. Let l(z) = 4*d(z) - s(z). What is l(r)?
-9
Let m(a) = 7*a - 9. Let o(p) = -3*p + 5. Let u(t) = -4*m(t) - 7*o(t). Give u(-2).
15
Suppose d + 4*w - 2 = -0, 2*w - 2 = 0. Let j = d - -2. Let l(a) = -a + j*a - 7 + 2*a + 0. Give l(7).
0
Let p(f) = -4 + 4*f**2 + f**3 + 1 + f + 1 + 0*f**3. Give p(-4).
-6
Let v(k) be the third derivative of -k**6/120 + k**5/20 + k**4/6 + k**3/3 - 3*k**2 + 18. Give v(4).
2
Let u(k) = k**2 + 6*k + 4. Suppose 0 = -l + 5, 2*l - 63 = -y - 14. Suppose -10*j + 9 = y. Determine u(j).
-5
Let h(n) = n**2 - n. Let d be -7*(12/14)/1. Let y(i) = i**3 - i**2 + 6*i - 5. Let u(o) = d*h(o) - y(o). What is u(-5)?
5
Let v(x) be the first derivative of x**3/3 + 5*x**2/2 - 8*x + 907. What is v(-6)?
-2
Let j(w) = 2*w**2 + 13*w - 10. Let o be j(-7). Let r(u) = u**2 - 5*u - 3. Give r(o).
21
Let g(i) = 54*i**2 - 1 - 36*i**2 - 19*i**2 + 2*i. Determine g(3).
-4
Let t(g) = -3*g**2 - 5*g - 1. Let j(y) = 4*y**2 + 4*y + 1. Let x(b) = -2*j(b) - 3*t(b). Let q be (2 - 2) + 4*6. Suppose -3*p - p = q. Determine x(p).
-5
Let c(x) = 89 - 170 + 86. Let l(p) = p - 6. Let b(y) = 2*y - 13. Let h(o) = -2*b(o) + 5*l(o). Let u(m) = 2*c(m) + 3*h(m). Calculate u(2).
4
Let q = -44 - -65. Let l be 18 - (-2 + (-3 - -3)). Let x = l - q. Let t(c) = c**2 + 3*c + 1. Give t(x).
-1
Let s(n) be the second derivative of -11*n + 1/6*n**3 + 0 + 0*n**2 - 1/4*n**4. Determine s(-1).
-4
Let u(r) = 5*r + 68036 + 9*r**2 - 34018 - 34012 + 5*r + 0*r**3 + r**3. Let n be ((-1)/3 + -1)*6. Determine u(n).
-10
Let o(u) = -3*u + 4. Suppose 6*s + 68 = -3*m + 2*s, -5*m - 3*s = 117. Let f = m + 28. Calculate o(f).
-8
Let t(h) = 2*h - 9. Suppose 0 = 5*p + 5*v - 325, 265 = 7*p - 3*p - v. Let x = p - 59. Calculate t(x).
5
Let g(y) = y - 2. Let f(r) be the first derivative of 3*r + 3. Let w(c) = -2*f(c) - 3*g(c). Give w(6).
-18
Let b(a) = 2*a**2 + a + 3. Let s be b(2). Let x = s - 12. Let l(n) = 6*n**2 - 2*n + 1. Determine l(x).
5
Let g = -1943 - -1957. Let o(y) = y**3 - 14*y**2 - 2*y + 20. Determine o(g).
-8
Let c = 359 + -357. Let x(r) = -r**3 + r**2 + r. Let l(d) = 4*d**3 - 2*d**2 - 3*d - 1. Let m(i) = l(i) + 5*x(i). Give m(c).
7
Let z = -30 - -33. Let j(h) = -9*h + 4*h + 2 - z - h**2. What is j(-5)?
-1
Suppose m - 5*v - 10 = 17, 2*m + 4*v + 16 = 0. Let u(c) = 3*c**2 + 52 - 55 + 0*c**m - c**3 + 3*c. Give u(2).
7
Suppose 0 = -4*x + 16. Suppose w + x*j = 1, -4*w + 5*w - 3 = -2*j. Let r(a) = 14 - w + a - 8. What is r(-1)?
0
Suppose -486 = 9*r + 270. Let m = 82 + r. Let n(u) = -3*u**2 + 2*u + 2. What is n(m)?
-14
Let t(h) = -2*h**2 - 3*h - 1. Let u(c) = -c - 10. Let b be u(-7). Let o = 7 + b. Suppose 13 = -4*f + 5*v - o, -3*v = 2*f + 3. Determine t(f).
-10
Let i(o) = o**2 - 17*o - 182. Let r be i(-7). Let x(j) = j**3 + 14*j**2 - 18. Calculate x(r).
-18
Let y(t) = -t**3 - 4*t**2 + 4*t - 6. Suppose -3*d + 8*d = 0. Suppose -8*a + 9*a - 2 = d. Suppose -a*o = -6*o - 20. What is y(o)?
-1
Let m(b) = -2*b**2 + 4*b - 1. Let v = -354 - -360. Give m(v).
-49
Let d(t) = t**3 + 8*t**2 + 9*t + 13. Suppose 4*f + 23 = 2*l + 3, l + 4 = 0. What is d(f)?
-1
Let r(k) = -k - 4. Let b = 16 - 12. Suppose 9 = b*i - 11. Calculate r(i).
-9
Suppose -39 = -1023*g + 1036*g. Let h(n) = -n**3 - 3*n**2 + 3*n + 2. Determine h(g).
-7
Let o(x) = x**2 - 32*x + 135. Let l be o(27). Let s(i) be the third derivative of 1/60*i**5 - 2*i**2 + 0*i - 1/24*i**4 + l + 0*i**3. What is s(2)?
2
Let x(w) be the second derivative of w**5/20 + 7*w**4/12 + w**3/3 + 2*w**2 - 113*w - 1. Calculate x(-7).
-10
Let f(s) be the third derivative of 1/6*s**3 - 1/60*s**5 + 0*s - 8*s**2 + 0 + 0*s**4. Calculate f(-3).
-8
Let x(s) = s. Let a(m) be the second derivative of -m**3/3 - 5*m**2 + 10*m. Let o be a(-6). Suppose 0 = -4*p + o*p. Determine x(p).
0
Let x be 4 + (-2)/(-1 - 0). Let u(b) = b**2 + 4*b - 1. Let s(j) be the first derivative of j**3/3 - j**2/2 - j - 5. Let t(h) = -2*s(h) + u(h). Give t(x).
1
Let k(h) = h - 7. Let t be k(8). Let p(f) be the second derivative of 0 + 0*f**3 + 2*f + 1/2*f**2 + 1/6*f**4. What is p(t)?
3
Let z(j) = j**2 + 1. Let u(g) = g**3 - 11*g**2. Let r(t) = u(t) + 3*z(t). Determine r(8).
3
Suppose -3*t - 3 = -0. Let h(j) = -j**2 - j. Let s(i) = -6*i**2 - i + 1. Let n(v) = 2*h(v) - s(v). What is n(t)?
4
Let g be (0 + 1)/((-3)/9). Let x(l) be the first derivative of 3/2*l**2 + 3 - 3*l. Determine x(g).
-12
Let g(t) = 12*t**3 - t**2 + 1. Let y(h) = 2*h - 2. Let v be y(0). Let m be 21/v*(-16)/(-24). Let f be (-1)/m - 144/126. Calculate g(f).
-12
Let g(v) = v**2 - 4*v - 4. Let f be 1/(-2) + (-2)/(-4). Suppose 3*q - 4*q + 7 = f. Calculate g(q).
17
Let y(c) = -14*c**3 - 8*c**2 + 5*c + 11. Let l(u) = -5*u**3 - 3*u**2 + 2*u + 4. Suppose n = 4 + 2. Let z(f) = n*y(f) - 17*l(f). What is z(-3)?
10
Let b(r) = 7*r**3 - 21*r**2 - 21*r - 2. Let q(a) = 39*a**3 - 106*a**2 - 106*a - 9. Let z(m) = 11*b(m) - 2*q(m). What is z(-18)?
14
Let t(f) = 37 + 32 - 67 - 3*f + 4*f**2. Determine t(2).
12
Suppose -9*d - 4 = -7*d. Let h be (1/2 + d)*-2. Let g(o) be the second derivative of o**3/6 + 2*o**2 + 4*o. Give g(h).
7
Let a(g) = -2*g**2 - 27*g - 27. Let i be a(-12). Let x(r) = r**2 + 13*r - 30*r + i + 8*r. Let q be (-3)/(1/(-2) - 0). What is x(q)?
-9
Let u(j) = 4*j**2 + 15*j + 15. Let k be u(-1). Let s(i) be the first derivative of -5/2*i**2 + 1/4*i**k + 5*i + 2*i**3 - 8. What is s(-7)?
-9
Let i(s) = -2*s - 63 + 2*s - s**2 + 59. Give i(3).
-13
Let q = 21 - -2. Suppose -r = -5*t + 3*r - q, 2*r - 7 = t. Let w(z) = -z - 1. What is w(t)?
2
Suppose -221 = -8*x + 3. Let k = 28 - x. Let d(h) = -h**3 - h**2 + 5. What is d(k)?
5
Let w be -1 + ((-12)/4 - (-40 - -1)). Let d(i) = w*i - 8 - 36*i + 12 + 8. What is d(7)?
5
Let n(l) = 2*l. Let u be n(-1). Let m be u/6 - 50/(-15). Let h(f) = -5*f + m*f + 3*f. Determine h(-4).
-4
Let i be (6/(-7))/((-2)/7). Suppose k + 3*a = -6, -2*a - 18 = i*k + 2*a. Let g(q) be the first derivative of -q**3/3 - 3*q**2 + 5*q + 2. Determine g(k).
5
Suppose 0 = 3*r - 8*r. Suppose -6*j + 8*j - 10 = r. Let p(q) = q**2 - 3*q - 4. Calculate p(j).
6
Let l = -110 - -115. Suppose 2*p - l*p + 3 = 0. Let m(t) = -9*t. Give m(p).
-9
Let f = -130 - -135. Suppose 2*d = -f*r + 60, 0 - 5 = r - 3*d. Let k(c) = -c**2 + 10*c - 8. Give k(r).
-8
Let s(f) = -4*f**2 + 8*f - 3. Let o(c) = -5*c**2 + 9*c - 2. Suppose -11*i + i = -40. Let x(v) = i*s(v) - 3*o(v). What is x(4)?
-2
Let a(s) = -s**2 - 6*s + 6. Suppose u - 4*o - 3 = 0, -4*u + 0*o + 4*o - 12 = 0. Determine a(u).
11
Let n(f) = f**2 + 6*f + 6. Let q(y) = -y - 9. Let l be q(-17). Suppose 4*s - 16 = l*s. Calculate n(s).
-2
Let c(z) = -4*z - 1. Let d be 18*((-2)/(-1))/(-5 + 3). Let r(j) = 11*j + 3. Let l be r(-2). Let x = l - d. Determine c(x).
3
Let l(n) = 3*n**2 + 57*n + 5. Let j be l(-19). Suppose -1 = -j*t + 9. Let v(q) = q**3 - 2*q**2 + 2. Give v(t).
2
Let u be 168/(-140) - (-108)/(-10). Let a(k) = -k**2 - 10*k + 14. Determine a(u).
-10
Suppose -38 + 5 = 11*h. Let u(t) = -3*t**2 - t + 2. Determine u(h).
-22
Let y(p) = 8*p + 21. Let m(h) = -25*h - 60. Let s(g) = -6*m(g) - 17*y(g). Calculate s(-2).
-25
Suppose 3*f + 4*z = -131, -2*z - 47 - 86 = 3*f. Let c = 47 + f. Let y(u) = -2*u**2 + u + 1. Determine y(c).
-5
Let r = -61 - -121. Suppose 0 = 5*s - r + 20. Let t(n) = -5*n - s*n**2 + 2 - 4*n**2 + 11*n**2. Calculate t(-3).
8
Let f(v) = 10*v + 338. Let p be f(-33). Let y(o) = o**2 - 7*o + 2. Give y(p).
10
Let g(f) = 2*f + 4. Let x(r) = 2*r**3 + 3*r**2 - 5*r + 4. Suppose 2*n = -z + 6, 6*z - 2*z - 8 = 0. Let c be x(n). Suppose -10 = -4*h - c. Calculate g(h).
-2
Suppose 5*g - 2*i = 60, 3*g = -3*i + 7*i + 36. Let o be (1/(-2))/((-2)/g). Let f(c) = -c**2 - 2*c**2 + o - c + 0 + c**3 + 5*c**2. What is f(-3)?
-3
Let v(g) = g**2 - 8*g + 10. Suppose 9*c = -31 + 94. Det